lculate the remainder when 57 is divided by o.
27
Suppose 5*g = 4*g + 9. What is the remainder when -6*(-2 - (-6)/(-9)) is divided by g?
7
Let a(d) = 2*d**2 + 6*d**2 + 2 - 3. Suppose 0 = 3*m + 6, 2*m - 27 = 3*h - 112. Calculate the remainder when h is divided by a(-1).
6
Let q = -2 + 3. Let k(d) = -15*d + 1. Let j be k(q). Calculate the remainder when 34 is divided by 36/j*56/(-12).
10
Let d(y) = -12*y + 1. Suppose 7*a - 2*a = -2*j + 86, -13 = -a + j. Calculate the remainder when d(-5) is divided by a.
13
Suppose 5*p + g - 48 = -2*g, 4*p - 3*g = 33. Calculate the remainder when p is divided by 3.
0
Let z be 3 + 10/(-2) - -7. Suppose z*u = -5*i + 2*u + 42, 0 = -3*i - u + 22. What is the remainder when 9 is divided by i?
3
Let z(f) = f**3 - f**2 - f - 8. Let o be z(0). Let d = 6 + o. Calculate the remainder when 34 is divided by 19 + 1/(d + 1).
16
Let p = -38 + 93. Calculate the remainder when p is divided by 16.
7
Suppose 5*d + 22 = -4*h, 5*d - 3*h = -6*h - 19. What is the remainder when 2 - d - (0 + 2) is divided by 2?
0
Suppose -n + 134 = n. Calculate the remainder when n is divided by 2/(-6)*1656/(-24).
21
Let m(f) = -f + 12. Let k be m(9). Suppose -2*b = -4*b. Suppose b = -p + k*p - 12. Calculate the remainder when 10 is divided by p.
4
Let l(n) = 1 + 13*n + 1 + 1. Let b be l(4). Suppose 3*o - b = f, -3*f - 5 = o - 8*f. Calculate the remainder when 37 is divided by o.
17
Suppose c - 41 = -13. Suppose 4*s + 5*l = 65, -3*l - l + 34 = 2*s. What is the remainder when c is divided by s?
13
Let s = 1 + 4. Let k be ((-1)/(-3))/((-3)/(-18)). Suppose 2*z - 3*z = 2*g - 10, -4*g - 36 = -k*z. Calculate the remainder when z is divided by s.
4
Let o = -5 + 0. Let m = -45 - -74. Calculate the remainder when m is divided by (-104)/(-10) + 2/o.
9
Suppose 3*k + 3 = -6, l - 41 = 5*k. What is the remainder when 100/(20/(-5))*-3 is divided by l?
23
Let p(z) = z**3 + 3*z**2 - 6*z + 6. Let v be p(-5). Let b = 17 + v. Calculate the remainder when 9 is divided by b.
0
Calculate the remainder when ((-1)/2)/((-1)/70) is divided by (-128)/(-7) - 2/7.
17
Let l(o) = -3*o + 2. Let f be l(-1). Suppose -a + f*a - 3*x - 30 = 0, 2*a = -x + 20. Calculate the remainder when 32 is divided by a.
5
Let r(b) = -b + 32. Let l(q) = -q**3 - q**2 - 4*q - 13. Calculate the remainder when r(0) is divided by l(-3).
15
Calculate the remainder when 13 is divided by -1*((-3)/((-9)/(-21)) - -3).
1
What is the remainder when 2 + (-3 - -1) - -20 is divided by 11?
9
Calculate the remainder when ((-32)/20 - -4)*(-130)/(-4) is divided by 27.
24
Suppose -8 + 30 = b - 5*r, 50 = 5*b + 5*r. What is the remainder when b is divided by 6?
0
Suppose -249 = o - 4*o + 3*y, o - 3*y - 81 = 0. What is the remainder when o is divided by 22?
18
Let s = 19 - -1. Calculate the remainder when 76 is divided by s.
16
Calculate the remainder when 14 is divided by 1*55/10*(0 + 2).
3
Suppose -2*d - i = -29, -5*d - i + 100 = -4*i. Suppose -3*j - j + 200 = 0. Calculate the remainder when j is divided by d.
16
Let w = 62 + -36. Let p = -14 + w. What is the remainder when 34 is divided by p?
10
Suppose -6 = 3*k - 51. Suppose 0 = -4*m + m + k. What is the remainder when 8 is divided by m?
3
Let k(c) = 8*c**2 + 1. Let w be k(1). Calculate the remainder when 348/w - 2/3 is divided by 26/(2 + 0/(-2)).
12
Let s = -30 + 46. Suppose -5*g - 72 = 4*r - 403, -5*g + 323 = 2*r. What is the remainder when g is divided by s?
15
Suppose -3*w - 51 = -6*w. Suppose 3 = 2*o - 2*k - 5, k + 18 = 3*o. Suppose x - 2 = o. What is the remainder when w is divided by x?
8
Let l = 3 - -6. Let v be (-5)/((-30)/(-8))*-6. Let t(n) = -n**3 + 9*n**2 - 5*n - 7. Calculate the remainder when t(v) is divided by l.
8
Let y = -4 - -4. Suppose -29 = -4*r + 3*v, 4*r - 11 = -3*v - y*v. Suppose 2*u + 6*w - w - 32 = 0, 45 = r*u - 5*w. What is the remainder when u is divided by 4?
3
Let n(t) = -t**2 + 8*t + 4. Let s be n(8). Suppose s*u = 2 + 22. Let g = u - -1. Calculate the remainder when 20 is divided by g.
6
Let z(f) = -f**2 + f - 15. Let c be z(0). What is the remainder when 9 is divided by (7/(-21))/(1/c)?
4
Calculate the remainder when 9 is divided by (-2)/3*(-15)/2.
4
Let f = -6 - -13. Suppose 2*t - f = 11. Suppose 4*i - 5 - 99 = 0. What is the remainder when i is divided by t?
8
Let f = -47 - -66. Let y = f - 15. What is the remainder when 10 is divided by y?
2
Suppose c - 14 = -5. What is the remainder when (-10 - 1)/(-1) - -2 is divided by (-2)/c + (-65)/(-9)?
6
Suppose -13*q - 262 = -15*q. Calculate the remainder when q is divided by 22.
21
Let d(j) = -j**2 + 8*j - 7. Suppose -5*t + 8*p - 4*p + 21 = 0, 0 = 4*t + 3*p + 8. Suppose t = c - 4. Calculate the remainder when 29 is divided by d(c).
5
Let f = 23 - -34. What is the remainder when f is divided by 32?
25
Let u(x) = 9*x - 19. Let k(m) = -m - 2. Let z be k(-4). Let v = 12 + z. What is the remainder when v is divided by u(3)?
6
Suppose 37 + 3 = 2*o. Suppose -n - 9 = -5*k, -4*n = -0*n + 4*k - 12. Suppose 3*l - 32 - n = 0. What is the remainder when o is divided by l?
9
Suppose -16 = h + 3*h. Let g be h/(-18) + 129/27. Suppose 36 = 2*x - 5*a, -80 = -g*x - 4*a - 23. What is the remainder when 38 is divided by x?
12
Suppose 0 = 2*d + l - 3*l - 6, -3*d + 11 = -l. Suppose 0 = -4*s + s + 30. What is the remainder when s is divided by d?
2
Let i be (1*-1)/((-4)/12). Suppose i*s = -s - y + 46, 8 = s + 2*y. What is the remainder when 13 is divided by 28/(-6)*s/(-8)?
6
Let b = -168 + 239. Let p = 136 - b. Calculate the remainder when p is divided by 17.
14
Suppose 0 = -2*p - p. Suppose p = 5*o - 36 + 6. Calculate the remainder when 11 is divided by o.
5
What is the remainder when -2 + 74/(-1)*-1 is divided by 15?
12
Suppose 4 + 43 = 2*g - 3*w, 5*g - 100 = 4*w. Calculate the remainder when g is divided by 12.
4
Let l(f) = -3*f - 2 + f + 4 - f. Calculate the remainder when 20 is divided by l(-3).
9
Let c(m) = -m**3 + 11*m**2 + 6. Calculate the remainder when 11 is divided by c(11).
5
Let j(m) = m**3 - 13*m**2 + 19. What is the remainder when 73 is divided by j(13)?
16
Let g be 16/(-10) + (-2)/5. Let m be -2 + 6 + 1 + g. Suppose m*k = 5*t - t + 29, 3*t - 12 = 0. What is the remainder when 44 is divided by k?
14
Let j(s) = -s**3 + 15*s**2 + 2*s + 3. Let p = -15 + 30. Calculate the remainder when 63 is divided by j(p).
30
Suppose -3*y + 12 = 3*x - 6*x, 2*y - 5*x - 2 = 0. Let l = 37 - y. What is the remainder when l is divided by 17?
14
Let b be ((-18)/6)/((-3)/16). Let q = b - 5. Calculate the remainder when 21 is divided by q.
10
Let z be (12/21)/((-10)/(-35)). Suppose 3*v + z*k - 4 = 17, -4*v + 3*k + 28 = 0. What is the remainder when 13 is divided by v?
6
Let j(g) = g**2 + g - 2. Let x be j(5). Suppose -x = 4*m + 20. Let w = m + 19. What is the remainder when 19 is divided by w?
5
Let q = -7 - -43. Calculate the remainder when q is divided by 13.
10
Let i(h) = -6*h**3 - 10*h**2 - 10*h - 5. Let j(z) = -5*z**3 - 9*z**2 - 9*z - 4. Let c(t) = 6*i(t) - 7*j(t). Calculate the remainder when 15 is divided by c(2).
7
Suppose -10 - 2 = -2*f. Suppose -2*a - 3*a = -25. Suppose f + 9 = a*m. What is the remainder when m is divided by 2?
1
Suppose -5*a = -20, 0 = f - 3*f + 2*a + 208. What is the remainder when f is divided by 28?
24
Let r = 11 - 7. Suppose -18 = -r*j + j. Let h(d) = -d**2 + 8*d - 5. What is the remainder when 18 is divided by h(j)?
4
Let u(k) = 3*k**2 - 2*k + 2. What is the remainder when u(2) is divided by 4?
2
Suppose -39*k + 172 = -35*k. What is the remainder when 170 is divided by k?
41
Suppose 0 = -3*w + 104 + 31. Let c = 17 - 5. Calculate the remainder when w is divided by c.
9
Suppose 0 = -6*i + 9*i - 195. Calculate the remainder when i is divided by 22.
21
Let p = -40 - -53. Calculate the remainder when 20 is divided by p.
7
Suppose 0 = -7*x + 10*x - 30. What is the remainder when x is divided by 4?
2
Let c(w) = 29*w - 2. Let d be c(3). Suppose 4*u + d - 13 = 0. What is the remainder when (-94)/u - 4/18 is divided by 3?
2
Let s(c) = 7 + 10*c**2 - 5 - c**3 + 14 + 11*c. Calculate the remainder when 31 is divided by s(11).
15
Let y = -3 - -2. Let i be -2*(1 + y*3). Suppose i*j = 4*w + 108, -2*j - 2*j + w + 120 = 0. What is the remainder when j is divided by 11?
9
Suppose -2*h + h + 133 = 5*u, -3*h + 21 =